{"id":36,"date":"2020-10-14T06:24:30","date_gmt":"2020-10-14T06:24:30","guid":{"rendered":"http:\/\/tudial.net\/site\/?page_id=36"},"modified":"2020-10-14T06:41:59","modified_gmt":"2020-10-14T06:41:59","slug":"programacion","status":"publish","type":"page","link":"http:\/\/tudial.net\/site\/programacion\/","title":{"rendered":"PROGRAMACI\u00d3N"},"content":{"rendered":"<div class=\"wpb-content-wrapper\"><p>[vc_row][vc_column][vc_column_text]<\/p>\n<h2><span style=\"color: #ff0000;\">Disfruta de la programaci\u00f3n de Tu Dial las 24 horas.<\/span><\/h2>\n<p>Toda nuestra programaci\u00f3n actualizada d\u00eda con d\u00eda se encuentra en nuestro facebook oficial.<\/p>\n<h2><a href=\"https:\/\/facebook.com\/tudial\" target=\"_blank\" rel=\"noopener noreferrer\">facebook.com\/tudial<\/a><\/h2>\n<p>[\/vc_column_text][\/vc_column][\/vc_row][vc_row][vc_column][vc_raw_html]JTNDZGl2JTIwYWxpZ24lM0QlMjJjZW50ZXIlMjIlM0UlM0NpZnJhbWUlMjBzcmMlM0QlMjJodHRwcyUzQSUyRiUyRnd3dy5mYWNlYm9vay5jb20lMkZwbHVnaW5zJTJGcGFnZS5waHAlM0ZocmVmJTNEaHR0cHMlMjUzQSUyNTJGJTI1MkZ3d3cuZmFjZWJvb2suY29tJTI1MkZ0dWRpYWwlMjUyRiUyNmFtcCUzQnRhYnMlM0R0aW1lbGluZSUyNmFtcCUzQndpZHRoJTNEMTY0MCUyNmFtcCUzQmhlaWdodCUzRDUwMCUyNmFtcCUzQnNtYWxsX2hlYWRlciUzRGZhbHNlJTI2YW1wJTNCYWRhcHRfY29udGFpbmVyX3dpZHRoJTNEdHJ1ZSUyNmFtcCUzQmhpZGVfY292ZXIlM0RmYWxzZSUyNmFtcCUzQnNob3dfZmFjZXBpbGUlM0R0cnVlJTI2YW1wJTNCYXBwSWQlMjIlMjB3aWR0aCUzRCUyMjE2NDAlMjIlMjBoZWlnaHQlM0QlMjI1MDAlMjIlMjBzdHlsZSUzRCUyMmJvcmRlciUzQW5vbmUlM0JvdmVyZmxvdyUzQWhpZGRlbiUyMiUyMHNjcm9sbGluZyUzRCUyMm5vJTIyJTIwZnJhbWVib3JkZXIlM0QlMjIwJTIyJTIwYWxsb3d0cmFuc3BhcmVuY3klM0QlMjJ0cnVlJTIyJTNFJTNDJTJGaWZyYW1lJTNFJTNDJTJGZGl2JTNFJTBBJTA5JTA5JTNDJTJGZGl2JTNF[\/vc_raw_html][\/vc_column][\/vc_row]<\/p>\n<\/div><script>function PlayerjsAsync(){} if(window[\"Playerjs\"]){PlayerjsAsync();}<\/script>","protected":false},"excerpt":{"rendered":"<p>[vc_row][vc_column][vc_column_text] Disfruta de la programaci\u00f3n de Tu Dial las 24 horas. Toda nuestra programaci\u00f3n actualizada d\u00eda con d\u00eda se encuentra en nuestro facebook oficial. facebook.com\/tudial [\/vc_column_text][\/vc_column][\/vc_row][vc_row][vc_column][vc_raw_html]JTNDZGl2JTIwYWxpZ24lM0QlMjJjZW50ZXIlMjIlM0UlM0NpZnJhbWUlMjBzcmMlM0QlMjJodHRwcyUzQSUyRiUyRnd3dy5mYWNlYm9vay5jb20lMkZwbHVnaW5zJTJGcGFnZS5waHAlM0ZocmVmJTNEaHR0cHMlMjUzQSUyNTJGJTI1MkZ3d3cuZmFjZWJvb2suY29tJTI1MkZ0dWRpYWwlMjUyRiUyNmFtcCUzQnRhYnMlM0R0aW1lbGluZSUyNmFtcCUzQndpZHRoJTNEMTY0MCUyNmFtcCUzQmhlaWdodCUzRDUwMCUyNmFtcCUzQnNtYWxsX2hlYWRlciUzRGZhbHNlJTI2YW1wJTNCYWRhcHRfY29udGFpbmVyX3dpZHRoJTNEdHJ1ZSUyNmFtcCUzQmhpZGVfY292ZXIlM0RmYWxzZSUyNmFtcCUzQnNob3dfZmFjZXBpbGUlM0R0cnVlJTI2YW1wJTNCYXBwSWQlMjIlMjB3aWR0aCUzRCUyMjE2NDAlMjIlMjBoZWlnaHQlM0QlMjI1MDAlMjIlMjBzdHlsZSUzRCUyMmJvcmRlciUzQW5vbmUlM0JvdmVyZmxvdyUzQWhpZGRlbiUyMiUyMHNjcm9sbGluZyUzRCUyMm5vJTIyJTIwZnJhbWVib3JkZXIlM0QlMjIwJTIyJTIwYWxsb3d0cmFuc3BhcmVuY3klM0QlMjJ0cnVlJTIyJTNFJTNDJTJGaWZyYW1lJTNFJTNDJTJGZGl2JTNFJTBBJTA5JTA5JTNDJTJGZGl2JTNF[\/vc_raw_html][\/vc_column][\/vc_row]<\/p>\n","protected":false},"author":1,"featured_media":0,"parent":0,"menu_order":0,"comment_status":"closed","ping_status":"closed","template":"","meta":{"footnotes":""},"class_list":["post-36","page","type-page","status-publish","hentry"],"_links":{"self":[{"href":"http:\/\/tudial.net\/site\/wp-json\/wp\/v2\/pages\/36","targetHints":{"allow":["GET"]}}],"collection":[{"href":"http:\/\/tudial.net\/site\/wp-json\/wp\/v2\/pages"}],"about":[{"href":"http:\/\/tudial.net\/site\/wp-json\/wp\/v2\/types\/page"}],"author":[{"embeddable":true,"href":"http:\/\/tudial.net\/site\/wp-json\/wp\/v2\/users\/1"}],"replies":[{"embeddable":true,"href":"http:\/\/tudial.net\/site\/wp-json\/wp\/v2\/comments?post=36"}],"version-history":[{"count":4,"href":"http:\/\/tudial.net\/site\/wp-json\/wp\/v2\/pages\/36\/revisions"}],"predecessor-version":[{"id":43,"href":"http:\/\/tudial.net\/site\/wp-json\/wp\/v2\/pages\/36\/revisions\/43"}],"wp:attachment":[{"href":"http:\/\/tudial.net\/site\/wp-json\/wp\/v2\/media?parent=36"}],"curies":[{"name":"wp","href":"https:\/\/api.w.org\/{rel}","templated":true}]}}